e the remainder when 205 is divided by d(-24).
67
Suppose 16*o = 407 + 265. What is the remainder when 155 is divided by o?
29
Let y(i) = -7*i**2 + 296*i - 83. Calculate the remainder when 6 is divided by y(42).
0
Let b(x) = -3*x**3 + 2*x**2 + 4*x + 3. Calculate the remainder when 7 is divided by b(-1).
3
Let n(v) = -8*v + 2. Let r be n(3). What is the remainder when 82 is divided by (-6760)/(-572) + ((-26)/r - 1)?
10
Suppose 0*u + 22 = 2*u. Suppose 0 = -53*c + 91 + 121. Calculate the remainder when u is divided by c.
3
Let j(u) = 22*u**3 - 3*u**2 + 2*u - 4. Calculate the remainder when j(2) is divided by 24.
20
Suppose y = -3*y + 52. Let g = -9 + y. Suppose g*p - 118 = 2*q, 0*q + 12 = 4*q. What is the remainder when p is divided by 17?
14
Let x(y) = 9*y - 9. Let q be x(4). Let j = 12 + q. Calculate the remainder when j is divided by 10.
9
Suppose 0 = 3*h - 0*i - 2*i - 78, 0 = 5*i. Suppose -21*w = -h*w + 275. Calculate the remainder when w is divided by 14.
13
Suppose -5*t = 4*q - 657, -3*q - 3*t + 484 = -t. Suppose q - 7 = 4*u - 3*s, 20 = -4*s. Calculate the remainder when u is divided by 12.
10
Calculate the remainder when (6/(-4))/(12*18/(-207216)) is divided by 14.
11
Let h(c) = c**3 + 6*c**2 + 7*c + 1. Let g be h(-5). Let m(k) = -5*k**2 - 54*k - 12. Calculate the remainder when m(g) is divided by 25.
19
Suppose 5*b = j - 0 + 3, 4*j + 12 = 2*b. Suppose 5*w = 5*c + 80, 2*w - 34 = 3*c - b*c. Calculate the remainder when 38 is divided by w.
10
Suppose -11*f = 754 + 7100. Suppose 3*u + 45 = 4*j + 6*u, -5*u + 15 = 0. Calculate the remainder when f/(-56) + (-2)/(-8) is divided by j.
4
Let f = 141 + -64. What is the remainder when f is divided by 26?
25
Suppose -5*j + 13 = 3*g, 2*g + 2*j = 7*j + 42. Suppose 0 = -5*a + 4*n + 7, 5 = 5*a - 3*n - 4. What is the remainder when a/(-7) + (-572)/(-28) is divided by g?
9
Let y be (-6)/21 - (-6)/(-21)*-29. Suppose -4*m = v - 114, 3*v - 138 - y = -5*m. What is the remainder when m is divided by 8?
4
Let d(l) = l**3 - 11*l**2 + 4*l - 16. What is the remainder when d(11) is divided by 13?
2
Let l(h) be the second derivative of -9/2*h**2 + 0 + 1/2*h**3 + 6*h. Calculate the remainder when 46 is divided by l(7).
10
Calculate the remainder when 348 is divided by 50*8/(-80)*-5.
23
Suppose 6*d + 1431 = 3639. Calculate the remainder when (d/(-24))/((-2)/9) is divided by 7.
6
Suppose 0*f = -f - y + 81, 0 = -3*f + 4*y + 264. What is the remainder when 53 is divided by 10*(f/15 - 5)?
5
Let t(w) = -348*w + 57 - 144 + 365*w. Calculate the remainder when t(9) is divided by 16.
2
Let m(f) be the third derivative of -f**5/60 + 13*f**4/24 - 5*f**3/6 - f**2. Let h be (0 - (-12)/(-18))*-15. What is the remainder when m(h) is divided by 9?
7
Let i(w) = 4 - w + 1 + 4. Calculate the remainder when i(0) is divided by 2 - 6 - (-23 + 14).
4
Suppose w = -4*w. Suppose w = -5*d - 2 + 17. Suppose -4*m = -5*v - 61, -v - d = -2. What is the remainder when 39 is divided by m?
11
Let d = 29 + -23. Let a(f) = f**2 - 7*f + 6. Let l be a(d). Suppose 0 = -l*u - 3*u + 15. What is the remainder when 23 is divided by u?
3
Let l = -53 - -58. Calculate the remainder when 28 is divided by l.
3
Suppose -2*y + 137 = 5*w, 0 = 5*w - 3*y + 190 - 322. Calculate the remainder when 100 is divided by w.
19
What is the remainder when 45 is divided by -3 - (288/(-10) + (-4)/20)?
19
Let r be (-10)/(-3)*1*6/5. Let v be 115 - (0 - -1 - 0). Calculate the remainder when -3 + (2 + v)/r is divided by 9.
8
Let p(b) = -5*b - 18. Let f be p(-14). Suppose -4*k - 3*o + 399 = 0, f = -k + 2*o + 149. Calculate the remainder when k is divided by 17.
14
Let q(j) = 3*j**3 - 3*j**2 + 3*j. Let s(l) = 8*l**3 - l**2 - 8*l - 3. Let v be s(-2). Let c = v - -60. What is the remainder when q(2) is divided by c?
3
Suppose 0 = 5*l - 28 - 77. Calculate the remainder when l is divided by 11.
10
Suppose 317 = 5*h - 3*k, -2*k - 218 - 34 = -4*h. What is the remainder when h/7 - (-2)/7 is divided by 8?
1
Let s(f) = -10*f**3 - 3*f + 2. Let z be s(1). Let d = 29 + z. What is the remainder when d is divided by 5?
3
Let q = -8 + 12. Suppose -41*s = -48*s + 7. What is the remainder when q is divided by s?
0
Let v(i) = -i**2 - 9*i - 9. Let g be v(-7). Suppose -93 = -g*s - 3. Let m(u) = 9*u + 6. What is the remainder when m(5) is divided by s?
15
Let z(x) = -5*x**3 + 7*x**2 - 4*x - 3. Calculate the remainder when z(-3) is divided by 11.
9
Let u(t) = 2*t**2 - 49*t - 39. Calculate the remainder when u(27) is divided by 25.
21
Suppose 0*l + 195 = 3*l. Let t(i) = -80*i**3 - 2*i**2 - 2*i - 1. Let r be t(-1). Let v = r + -62. What is the remainder when l is divided by v?
14
Let d be 26/(-91) + (-2)/(-7). Suppose -3*l - 4*h + 16 = d, 2*l - 22 = -3*h + 6*h. What is the remainder when -4*(-4)/l - -47 is divided by 17?
15
Suppose -x - 3*x = 3*l - 225, -5*x + l = -286. What is the remainder when 362 is divided by x?
20
Let s = -92 - -49. Let c = 45 + s. Suppose 4*v = 4*y + 8, 2*y + 2 - 18 = -2*v. Calculate the remainder when y is divided by c.
1
Let u = 643 + -386. What is the remainder when u is divided by 29?
25
Let g(m) = -2*m**3 - 5*m**2 - 5*m - 14. Calculate the remainder when g(-4) is divided by 21.
12
Let y be ((-10)/4)/(35/14 - 3). Suppose 54 = 4*u + d, -11 = -u + y*d + 13. What is the remainder when u is divided by 4?
2
Suppose -2*m + 1 = 9, 5*j = 4*m + 1856. Suppose -2*z + 223 = 4*g + 55, -j = -5*z + 3*g. What is the remainder when z is divided by 472/18 - ((-70)/9 + 8)?
24
Let x(g) = -6*g**3 - 11*g**2 - 5*g + 27. Calculate the remainder when x(-5) is divided by 19.
14
Let s = 25 + -21. Suppose 8*b - 128 = s*b. Calculate the remainder when b is divided by 12.
8
Suppose 6*a - 80 = a. Suppose -5*l + 2*l + 12 = g, 0 = -g - 3. Suppose 0 = l*o - 22 - 8. What is the remainder when a is divided by o?
4
Let g = 717 - 690. What is the remainder when 121 is divided by g?
13
Let m be (82 - 3) + 1 + 0. Suppose 2*x - x + 3*t = 28, -3*x + m = 5*t. Calculate the remainder when x is divided by 6.
1
Let m = 1393 + -818. Calculate the remainder when m is divided by 32.
31
Let n(g) = 70 - 3*g - 3*g - 68. Calculate the remainder when n(-6) is divided by 13.
12
Suppose 510 = 5*j + 185. Let a = 253 - 220. Calculate the remainder when j is divided by a.
32
Let g(i) = i**3 - 22*i**2 + 20*i + 6. Let x be g(21). Calculate the remainder when (24/x)/(-1 + 53/55) is divided by 12.
8
Let n(x) = -7*x - 2. Suppose 5*p + 1 - 45 = -2*i, -34 = -4*p - 2*i. Calculate the remainder when n(-10) is divided by p.
8
Calculate the remainder when (0 + -8)/(-2) + 80 is divided by 5.
4
Calculate the remainder when 5 - (-804 - 8/(-2)) is divided by 62.
61
Let x(r) = r**3 + 12*r**2 + 9*r - 22. Let w be x(-11). Suppose w = 2*t - 38 - 30. Let n(h) = h**2 + h - 3. What is the remainder when t is divided by n(3)?
7
Suppose -5*q - 15 = -8*q, 5*v + 5*q - 35 = 0. Let x = -48 + 75. Calculate the remainder when x is divided by (-1 - -12) + v - -1.
13
Let w = 7 + 4. What is the remainder when 48 is divided by w?
4
Let i(p) = -57*p + 687. Calculate the remainder when i(-5) is divided by 65.
62
Suppose 189*u - 536 = 185*u. Calculate the remainder when u is divided by 8.
6
Suppose 5*l - 2*l = 0. Suppose -3*j - 2*w + 33 + 20 = l, 5*j - 5*w = 80. Calculate the remainder when 66 is divided by j.
15
Let t(c) = -c**3 - 5*c**2 - 6*c - 8. Let k be t(-4). Suppose -4*h + 17 + 99 = 2*w, k = -3*w. What is the remainder when 55 is divided by h?
26
Let b(r) = 2*r**2 - 5*r - 5. Let y be b(-2). Let d = y + 14. What is the remainder when 78 is divided by d?
24
Suppose 91*y - 86*y = -4*p + 184, 3*p = 3. What is the remainder when 681 is divided by y?
33
Let i = -612 + 635. What is the remainder when 24 is divided by i?
1
Let b = -5 - -85. Suppose -157*s + b = -152*s. Calculate the remainder when 28 is divided by s.
12
Suppose 0 = -3*f + 3 + 9. Suppose 53 + 997 = 35*g. What is the remainder when g is divided by f/3*(-1 + 13)?
14
Let m = 90 - 84. Let a = 0 - 2. Calculate the remainder when 1/(a/(7*-4)) is divided by m.
2
Let h = 777 - 690. Calculate the remainder when h is divided by 13.
9
Let f(b) = -b**2 - 12*b + 8. Suppose -4*l - 2 + 0 = 2*v, -5*v + 2*l + 19 = 0. Let y = v + -15. What is the remainder when 15 is divided by f(y)?
7
Calculate the remainder when 78 is divided